{"id":118,"date":"2022-12-29T13:02:32","date_gmt":"2022-12-29T13:02:32","guid":{"rendered":"http:\/\/zdnh.de\/?page_id=118"},"modified":"2022-12-29T14:40:21","modified_gmt":"2022-12-29T14:40:21","slug":"anfahrt-kontakt","status":"publish","type":"page","link":"https:\/\/zdnh.de\/?page_id=118","title":{"rendered":"Anfahrt &#038; Kontakt"},"content":{"rendered":"\n\t<div class=\"frame\"><div id=\"google_map_410\" class=\"google_map\" style=\"height:400px;\"><\/div><\/div>\n\t<script type=\"text\/javascript\">\n\tjQuery(document).ready(function($) {\n\t\tjQuery(\"#google_map_410\").gMap({\n\t\t    zoom: 14,\n\n\n\t\t\t\t    markers:[{\n\t\t    \taddress: \"\",\n\t\t\t\tlatitude: 51.31420785832996,\n\t\t    \tlongitude: 9.493445140643981,\n\t\t    \thtml: '',\n\t\t    \tpopup: false\t\t\t}],\n\t\t\n\t\t\tcontrols: [],\n\t\t\tmaptype: 'ROADMAP',\n\t\t    scrollwheel: false,\n\t\t    draggable: true,\n\t\t    custom: {\n\t\t\t    styles: [\n\t\t\t  \t\t{\n\t\t\t\t\t\tstylers: [\n\t\t\t\t \t\t\t{ inverse_lightness: false }\n\t\t\t\t \t\t\t\t\t\t\t\t\t]\n\t\t\t  \t\t}\n\t\t\t\t]\n\t\t\t}\n\t\t});\n\t});\n\t<\/script>\n\n\n\t\t<div class=\"sep-text single centered\">\n\t\t\t\t\t\t\t<span class=\"sep-text-before\"><div class=\"sep-text-line\"><\/div><\/span>\n\t\t\t\t\t\t<div class=\"content\">\n\t\t\t\t<h2 class=\"text-divider-double\">\nSo kommen Sie zu uns<\/h2>\t\t\t<\/div>\n\t\t\t<span class=\"sep-text-after\"><div class=\"sep-text-line\"><\/div><\/span>\n\t\t\t\t\t<\/div>\n\t\n<h4>ROUTENPLANER \u2013 SO FINDEN SIE UNS IN DER KASSELER INNENSTADT<\/h4>\n<p>Unserer Diagnostikzentrum befindet sich direkt in der Kasseler Innenstadt in der Opernstra\u00dfe 2 am Friedrichsplatz zwischen der Galeria Kaufhof und dem C&amp;A. Die Hauptpromenade Kassels, die Obere K\u00f6nigsstra\u00dfe, ist nur wenige Meter entfernt. Fu\u00dfl\u00e4ufig sind mehrere Parkh\u00e4user sowie Haltestellen f\u00fcr Regional- und Fernverkehr gut zu erreichen.<\/p>\n<h4>SIE KOMMEN PER STRASSENBAH<\/h4>\n<p>Die Haltestelle Friedrichsplatz ist direkt vor der T\u00fcr. Hier halten die Stra\u00dfenbahnlinien 1, 3, 4, 5, 6 und 8. Zur Praxis gehen Sie bitte in Richtung Westen.<\/p>\n<h4>SIE KOMMEN PER REGIONALTRAM<\/h4>\n<p>Die Regionaltramlinien RT1 und RT4 halten an der Haltestelle Friedrichsplatz.\u00a0Zur Praxis gehen Sie bitte in Richtung Westen.<\/p>\n<p>Mit der Regionaltramlinien RT5 erreichen Sie uns \u00fcber die Haltestellen Wilhemsstra\u00dfe\/ Stadtmuseum oder \u00fcber die Haltestelle Scheidemannplatz. Von der Haltestelle Wilhelmsstra\u00dfe laufen Sie in s\u00fcd-ostlicher Richtung \u00fcber die Wilhelmsstra\u00dfe und die Wolfsschlucht direkt in die Opernstra\u00dfe. Von der Haltestelle Scheidemannplatz gelangen Sie in s\u00fcdlicher Richtung \u00fcber die Theaterstra\u00dfe auf den Friedrichsplatz. Von dort aus gehen sie rechts um das C&amp;A herum, um zu unserer Praxis zu gelangen.<\/p>\n<h4>SIE KOMMEN MIT DEM BUS<\/h4>\n<p>Die Buslinien 10, 12,16, 17, 18, 19, 32, 37 ,52 55, 100 sowie 500 halten an der Haltestelle Scheidemannplatz. Von der Haltestelle Scheidemannplatz gelangen Sie in s\u00fcdlicher Richtung \u00fcber die Theaterstra\u00dfe auf den Friedrichsplatz. Von dort aus gehen sie rechts um das C&amp;A herum, um zu unsere Praxis zu gelangen.<\/p>\n<h4>ANREISE MIT DEM ZUG<\/h4>\n<p>Die Fernverkehrsz\u00fcge halten am ICE Bahnhof Kassel Wilhelmsh\u00f6he. Mit den Stra\u00dfenbahnlinien 1, 3 und 4 gelangen Sie direkt zu\u00a0der Haltestelle Friedrichsplatz. Alternativ nehmen Sie die Stra\u00dfenbahnlinie 7 zu den Haltestellen Wilhelmstra\u00dfe\/ Stadtmuseum oder Scheidemannplatz.<\/p>\n<h4>ANREISE MIT DEM FLUGZEUG<\/h4>\n<p>Die dichtesten Flugh\u00e4fen sind Hannover, Frankfurt und Paderborn.<\/p>\n<h4>ANREISE MIT DEM PKW<\/h4>\n<p>Wenn Sie \u00fcberregional mit dem Auto anreisen, so w\u00e4hlen Sie bitte von der A7 kommend die Anschlussstelle Kassel-Nord und fahren \u00fcber die Dresdner Stra\u00dfe bis zum Platz der Deutschen Einheit. Hier nehmen Sie die erste Ausfahrt auf die Leipziger Stra\u00dfe. Nachdem Sie die Fulda \u00fcberquert haben biegen Sie rechts in den Steinweg. Das Parkhaus \u201eFriedrichsplatz\u201c erreichen Sie, wenn Sie nach ca. 400m links in die Du-Ry-Stra\u00dfe einbiegen.<\/p>\n<h4>PARKM\u00d6GLICHKEITEN<\/h4>\n<p>Gleich mehrere Parkh\u00e4user befinden sich in unmittelbarer Nachbarschaft:<\/p>\n<p>Das\u00a0Parkhaus der Galeria Kaufhof, das\u00a0<a href=\"http:\/\/www.parkhaus-wilhelmsstrasse.de\/index.php\">Parkhaus Wilhelmsstra\u00dfe\u00a0<\/a>und die<a href=\"http:\/\/www.koenigsgalerie.de\/parken_service.asp\">\u00a0Tiefgarage Friedrichsplatz\u00a0<\/a>sind in wenigen Schritten erreichbar.<\/p>\n\t\t<div class=\"sep-text single centered\">\n\t\t\t\t\t\t\t<span class=\"sep-text-before\"><div class=\"sep-text-line\"><\/div><\/span>\n\t\t\t\t\t\t<div class=\"content\">\n\t\t\t\t<h2 class=\"text-divider-double\">\nSo erreichen Sie uns<\/h2>\t\t\t<\/div>\n\t\t\t<span class=\"sep-text-after\"><div class=\"sep-text-line\"><\/div><\/span>\n\t\t\t\t\t<\/div>\n\t\n<h2>Kontakt:<\/h2>\n<p>Zahnmedizinisches Diagnostikzentrum Nordhessen &#8211;\u00a0 by Dr. Waldmeyer<\/p>\n<p>Tel.: 0561-70169956<\/p>\n<p>E-Mail: info@zdnh.de<\/p>\n<h2><\/h2>\n<h2>\u00d6ffnungszeiten:<\/h2>\n<p>T\u00e4glich 8.00 Uhr bis 17.00 Uhr, Freitagnachmittag geschlossen<\/p>\n<p>Telefonische Erreichbarkeit: t\u00e4glich 8.00 Uhr bis 13.00 Uhr<\/p>\n","protected":false},"excerpt":{"rendered":"<p>ROUTENPLANER \u2013 SO FINDEN SIE UNS IN DER KASSELER INNENSTADT Unserer Diagnostikzentrum befindet sich direkt in der Kasseler Innenstadt in der Opernstra\u00dfe 2 am Friedrichsplatz zwischen der Galeria Kaufhof und dem C&amp;A. Die Hauptpromenade Kassels, die Obere K\u00f6nigsstra\u00dfe, ist nur wenige Meter entfernt. Fu\u00dfl\u00e4ufig sind mehrere Parkh\u00e4user sowie Haltestellen f\u00fcr Regional- und Fernverkehr gut zu&#8230;<\/p>\n","protected":false},"author":1,"featured_media":0,"parent":0,"menu_order":0,"comment_status":"closed","ping_status":"closed","template":"","meta":[],"_links":{"self":[{"href":"https:\/\/zdnh.de\/index.php?rest_route=\/wp\/v2\/pages\/118"}],"collection":[{"href":"https:\/\/zdnh.de\/index.php?rest_route=\/wp\/v2\/pages"}],"about":[{"href":"https:\/\/zdnh.de\/index.php?rest_route=\/wp\/v2\/types\/page"}],"author":[{"embeddable":true,"href":"https:\/\/zdnh.de\/index.php?rest_route=\/wp\/v2\/users\/1"}],"replies":[{"embeddable":true,"href":"https:\/\/zdnh.de\/index.php?rest_route=%2Fwp%2Fv2%2Fcomments&post=118"}],"version-history":[{"count":18,"href":"https:\/\/zdnh.de\/index.php?rest_route=\/wp\/v2\/pages\/118\/revisions"}],"predecessor-version":[{"id":145,"href":"https:\/\/zdnh.de\/index.php?rest_route=\/wp\/v2\/pages\/118\/revisions\/145"}],"wp:attachment":[{"href":"https:\/\/zdnh.de\/index.php?rest_route=%2Fwp%2Fv2%2Fmedia&parent=118"}],"curies":[{"name":"wp","href":"https:\/\/api.w.org\/{rel}","templated":true}]}}