{"id":20,"date":"2022-11-26T17:16:53","date_gmt":"2022-11-26T17:16:53","guid":{"rendered":"http:\/\/zdnh.de\/?page_id=20"},"modified":"2023-10-03T16:35:05","modified_gmt":"2023-10-03T16:35:05","slug":"bohrschablonenservice","status":"publish","type":"page","link":"https:\/\/zdnh.de\/?page_id=20","title":{"rendered":"Bohrschablonenservice"},"content":{"rendered":"\t\t<div data-elementor-type=\"wp-page\" data-elementor-id=\"20\" class=\"elementor elementor-20\">\n\t\t\t\t\t\t<section class=\"elementor-section elementor-top-section elementor-element elementor-element-dd13ded elementor-section-boxed elementor-section-height-default elementor-section-height-default\" data-id=\"dd13ded\" data-element_type=\"section\">\n\t\t\t\t\t\t<div class=\"elementor-container elementor-column-gap-default\">\n\t\t\t\t\t<div class=\"elementor-column elementor-col-100 elementor-top-column elementor-element elementor-element-ac924df\" data-id=\"ac924df\" data-element_type=\"column\">\n\t\t\t<div class=\"elementor-widget-wrap elementor-element-populated\">\n\t\t\t\t\t\t<div class=\"elementor-element elementor-element-b7de1f2 elementor-widget elementor-widget-heading\" data-id=\"b7de1f2\" data-element_type=\"widget\" data-widget_type=\"heading.default\">\n\t\t\t\t<div class=\"elementor-widget-container\">\n\t\t\t<style>\/*! elementor - v3.23.0 - 05-08-2024 *\/\n.elementor-heading-title{padding:0;margin:0;line-height:1}.elementor-widget-heading .elementor-heading-title[class*=elementor-size-]>a{color:inherit;font-size:inherit;line-height:inherit}.elementor-widget-heading .elementor-heading-title.elementor-size-small{font-size:15px}.elementor-widget-heading .elementor-heading-title.elementor-size-medium{font-size:19px}.elementor-widget-heading .elementor-heading-title.elementor-size-large{font-size:29px}.elementor-widget-heading .elementor-heading-title.elementor-size-xl{font-size:39px}.elementor-widget-heading .elementor-heading-title.elementor-size-xxl{font-size:59px}<\/style><h2 class=\"elementor-heading-title elementor-size-default\"><div data-elementor-type=\"wp-page\" data-elementor-id=\"11\" class=\"elementor elementor-11\" data-elementor-post-type=\"page\"><div class=\"elementor-element elementor-element-766e8d7 e-flex e-con-boxed e-con\" data-id=\"766e8d7\" data-element_type=\"container\" id=\"bohrschablonen\" data-settings=\"{&quot;content_width&quot;:&quot;boxed&quot;}\"><div class=\"e-con-inner\"><div class=\"elementor-element elementor-element-09d3a0c e-flex e-con-boxed e-con\" data-id=\"09d3a0c\" data-element_type=\"container\" data-settings=\"{&quot;content_width&quot;:&quot;boxed&quot;}\"><div class=\"e-con-inner\"><div class=\"elementor-element elementor-element-53a09fc e-flex e-con-boxed e-con\" data-id=\"53a09fc\" data-element_type=\"container\" data-settings=\"{&quot;content_width&quot;:&quot;boxed&quot;}\"><div class=\"e-con-inner\"><div class=\"elementor-element elementor-element-dd52b1a elementor-widget elementor-widget-heading\" data-id=\"dd52b1a\" data-element_type=\"widget\" data-widget_type=\"heading.default\"><div class=\"elementor-widget-container\"><h3 class=\"elementor-heading-title elementor-size-default\"><h3 class=\"elementor-heading-title elementor-size-default\">Pr\u00e4zises Bohrschablonen-Design und -Druck f\u00fcr pr\u00e4zise Ergebnisse<\/h3><\/h3><\/div><\/div><\/div><\/div><\/div><\/div><\/div><\/div><\/div><\/h2>\t\t<\/div>\n\t\t\t\t<\/div>\n\t\t\t\t\t<\/div>\n\t\t<\/div>\n\t\t\t\t\t<\/div>\n\t\t<\/section>\n\t\t\t\t<section class=\"elementor-section elementor-top-section elementor-element elementor-element-9c61ed2 elementor-section-boxed elementor-section-height-default elementor-section-height-default\" data-id=\"9c61ed2\" data-element_type=\"section\">\n\t\t\t\t\t\t<div class=\"elementor-container elementor-column-gap-default\">\n\t\t\t\t\t<div class=\"elementor-column elementor-col-50 elementor-top-column elementor-element elementor-element-8cb2f21\" data-id=\"8cb2f21\" data-element_type=\"column\">\n\t\t\t<div class=\"elementor-widget-wrap elementor-element-populated\">\n\t\t\t\t\t\t<div class=\"elementor-element elementor-element-7450e1e elementor-widget elementor-widget-text-editor\" data-id=\"7450e1e\" data-element_type=\"widget\" data-widget_type=\"text-editor.default\">\n\t\t\t\t<div class=\"elementor-widget-container\">\n\t\t\t<style>\/*! elementor - v3.23.0 - 05-08-2024 *\/\n.elementor-widget-text-editor.elementor-drop-cap-view-stacked .elementor-drop-cap{background-color:#69727d;color:#fff}.elementor-widget-text-editor.elementor-drop-cap-view-framed .elementor-drop-cap{color:#69727d;border:3px solid;background-color:transparent}.elementor-widget-text-editor:not(.elementor-drop-cap-view-default) .elementor-drop-cap{margin-top:8px}.elementor-widget-text-editor:not(.elementor-drop-cap-view-default) .elementor-drop-cap-letter{width:1em;height:1em}.elementor-widget-text-editor .elementor-drop-cap{float:left;text-align:center;line-height:1;font-size:50px}.elementor-widget-text-editor .elementor-drop-cap-letter{display:inline-block}<\/style>\t\t\t\t<div class=\"elementor-element elementor-element-9ad2a42 elementor-widget elementor-widget-text-editor\" data-id=\"9ad2a42\" data-element_type=\"widget\" data-widget_type=\"text-editor.default\"><div class=\"elementor-widget-container\"><p>In der Welt der Implantologie ist Pr\u00e4zision der Schl\u00fcssel zum Erfolg. Genau hier kommen unsere ma\u00dfgeschneiderten Bohrschablonen ins Spiel. Durch den Einsatz modernster CAD\/CAM-Technologie und 3D-Druckverfahren sind wir in der Lage, hochpr\u00e4zise, patientenspezifische Bohrschablonen zu erstellen.<\/p><p>Unser Prozess beginnt mit einer detaillierten Untersuchung der dentalen Anatomie Ihres Patienten mithilfe von 3D-Bildgebung. Dies erm\u00f6glicht es uns, ein exaktes Modell des Kiefers und der umliegenden Strukturen zu erstellen. Anhand dieses Modells entwerfen wir die Bohrschablone, die die exakte Platzierung, Tiefe und Winkel f\u00fcr jedes Implantat anzeigt.<\/p><p>Dank des 3D-Drucks sind unsere Schablonen nicht nur extrem pr\u00e4zise, sondern auch robust und langlebig. Sie bieten den Chirurgen eine verl\u00e4ssliche F\u00fchrung w\u00e4hrend des gesamten Eingriffs und minimieren so das Risiko von Fehlpositionierungen und m\u00f6glichen Komplikationen.<\/p><p><strong>Zusammenarbeit mit uns bedeutet:<\/strong><\/p><ul><li>Verbesserte Genauigkeit: Unsere Bohrschablonen erm\u00f6glichen eine pr\u00e4zise und vorhersehbare Implantatplatzierung.<\/li><li>Effizienz: Reduzieren Sie die Operationszeit und erh\u00f6hen Sie den Patientendurchsatz in Ihrer Praxis.<\/li><li>Sicherheit: Minimieren Sie das Risiko von Komplikationen und erh\u00f6hen Sie die Patientensicherheit.<\/li><li>Patientenzufriedenheit: Ein pr\u00e4ziser Eingriff bedeutet weniger postoperative Beschwerden und h\u00f6here Patientenzufriedenheit.<\/li><\/ul><\/div><\/div>\t\t\t\t\t\t<\/div>\n\t\t\t\t<\/div>\n\t\t\t\t\t<\/div>\n\t\t<\/div>\n\t\t\t\t<div class=\"elementor-column elementor-col-50 elementor-top-column elementor-element elementor-element-14f71c7\" data-id=\"14f71c7\" data-element_type=\"column\">\n\t\t\t<div class=\"elementor-widget-wrap elementor-element-populated\">\n\t\t\t\t\t\t<div class=\"elementor-element elementor-element-d42f8d3 elementor-widget__width-initial elementor-widget elementor-widget-image\" data-id=\"d42f8d3\" data-element_type=\"widget\" data-widget_type=\"image.default\">\n\t\t\t\t<div class=\"elementor-widget-container\">\n\t\t\t<style>\/*! elementor - v3.23.0 - 05-08-2024 *\/\n.elementor-widget-image{text-align:center}.elementor-widget-image a{display:inline-block}.elementor-widget-image a img[src$=\".svg\"]{width:48px}.elementor-widget-image img{vertical-align:middle;display:inline-block}<\/style>\t\t\t\t\t\t\t\t\t\t<img fetchpriority=\"high\" decoding=\"async\" width=\"789\" height=\"595\" src=\"https:\/\/zdnh.de\/wp-content\/uploads\/2023\/03\/KI-designed-guide.jpg\" class=\"attachment-large size-large wp-image-156\" alt=\"\" srcset=\"https:\/\/zdnh.de\/wp-content\/uploads\/2023\/03\/KI-designed-guide.jpg 789w, https:\/\/zdnh.de\/wp-content\/uploads\/2023\/03\/KI-designed-guide-300x226.jpg 300w, https:\/\/zdnh.de\/wp-content\/uploads\/2023\/03\/KI-designed-guide-768x579.jpg 768w, https:\/\/zdnh.de\/wp-content\/uploads\/2023\/03\/KI-designed-guide-555x419.jpg 555w, https:\/\/zdnh.de\/wp-content\/uploads\/2023\/03\/KI-designed-guide-360x271.jpg 360w, https:\/\/zdnh.de\/wp-content\/uploads\/2023\/03\/KI-designed-guide-262x198.jpg 262w\" sizes=\"(max-width: 789px) 100vw, 789px\" \/>\t\t\t\t\t\t\t\t\t\t\t\t\t<\/div>\n\t\t\t\t<\/div>\n\t\t\t\t\t<\/div>\n\t\t<\/div>\n\t\t\t\t\t<\/div>\n\t\t<\/section>\n\t\t\t\t<section class=\"elementor-section elementor-top-section elementor-element elementor-element-8c73dbb elementor-section-boxed elementor-section-height-default elementor-section-height-default\" data-id=\"8c73dbb\" data-element_type=\"section\">\n\t\t\t\t\t\t<div class=\"elementor-container elementor-column-gap-default\">\n\t\t\t\t\t<div class=\"elementor-column elementor-col-100 elementor-top-column elementor-element elementor-element-cffc866\" data-id=\"cffc866\" data-element_type=\"column\">\n\t\t\t<div class=\"elementor-widget-wrap elementor-element-populated\">\n\t\t\t\t\t\t<div class=\"elementor-element elementor-element-3762a06 elementor-widget elementor-widget-heading\" data-id=\"3762a06\" data-element_type=\"widget\" data-widget_type=\"heading.default\">\n\t\t\t\t<div class=\"elementor-widget-container\">\n\t\t\t<h2 class=\"elementor-heading-title elementor-size-default\">Sie haben noch keinen Intraoralscanner?<\/h2>\t\t<\/div>\n\t\t\t\t<\/div>\n\t\t\t\t\t<\/div>\n\t\t<\/div>\n\t\t\t\t\t<\/div>\n\t\t<\/section>\n\t\t\t\t<section class=\"elementor-section elementor-top-section elementor-element elementor-element-4cdd726 elementor-section-boxed elementor-section-height-default elementor-section-height-default\" data-id=\"4cdd726\" data-element_type=\"section\">\n\t\t\t\t\t\t<div class=\"elementor-container elementor-column-gap-default\">\n\t\t\t\t\t<div class=\"elementor-column elementor-col-100 elementor-top-column elementor-element elementor-element-470ad99\" data-id=\"470ad99\" data-element_type=\"column\">\n\t\t\t<div class=\"elementor-widget-wrap elementor-element-populated\">\n\t\t\t\t\t\t<div class=\"elementor-element elementor-element-1577ec5 elementor-widget elementor-widget-text-editor\" data-id=\"1577ec5\" data-element_type=\"widget\" data-widget_type=\"text-editor.default\">\n\t\t\t\t<div class=\"elementor-widget-container\">\n\t\t\t\t\t\t\t<p>Wenn Sie Ihre Patienten zu uns \u00fcberweisen, so k\u00f6nnen wir nicht nur die DVT-Aufnahme f\u00fcr Sie \u00fcbernhmen, sondern auch den ben\u00f6tigten intraoralen Scan f\u00fcr die Schablonenerstellung. Kreutzen Sie hierf\u00fcr auf dem \u00dcberweisungsschein <\/p>\t\t\t\t\t\t<\/div>\n\t\t\t\t<\/div>\n\t\t\t\t\t<\/div>\n\t\t<\/div>\n\t\t\t\t\t<\/div>\n\t\t<\/section>\n\t\t\t\t<\/div>\n\t\t","protected":false},"excerpt":{"rendered":"<p>Pr\u00e4zises Bohrschablonen-Design und -Druck f\u00fcr pr\u00e4zise Ergebnisse In der Welt der Implantologie ist Pr\u00e4zision der Schl\u00fcssel zum Erfolg. Genau hier kommen unsere ma\u00dfgeschneiderten Bohrschablonen ins Spiel. Durch den Einsatz modernster CAD\/CAM-Technologie und 3D-Druckverfahren sind wir in der Lage, hochpr\u00e4zise, patientenspezifische Bohrschablonen zu erstellen. Unser Prozess beginnt mit einer detaillierten Untersuchung der dentalen Anatomie Ihres Patienten&#8230;<\/p>\n","protected":false},"author":1,"featured_media":0,"parent":0,"menu_order":0,"comment_status":"closed","ping_status":"closed","template":"","meta":[],"_links":{"self":[{"href":"https:\/\/zdnh.de\/index.php?rest_route=\/wp\/v2\/pages\/20"}],"collection":[{"href":"https:\/\/zdnh.de\/index.php?rest_route=\/wp\/v2\/pages"}],"about":[{"href":"https:\/\/zdnh.de\/index.php?rest_route=\/wp\/v2\/types\/page"}],"author":[{"embeddable":true,"href":"https:\/\/zdnh.de\/index.php?rest_route=\/wp\/v2\/users\/1"}],"replies":[{"embeddable":true,"href":"https:\/\/zdnh.de\/index.php?rest_route=%2Fwp%2Fv2%2Fcomments&post=20"}],"version-history":[{"count":22,"href":"https:\/\/zdnh.de\/index.php?rest_route=\/wp\/v2\/pages\/20\/revisions"}],"predecessor-version":[{"id":322,"href":"https:\/\/zdnh.de\/index.php?rest_route=\/wp\/v2\/pages\/20\/revisions\/322"}],"wp:attachment":[{"href":"https:\/\/zdnh.de\/index.php?rest_route=%2Fwp%2Fv2%2Fmedia&parent=20"}],"curies":[{"name":"wp","href":"https:\/\/api.w.org\/{rel}","templated":true}]}}